+ 4*w - 16, -a + g = 4*w. What is the remainder when 54 is divided by a?
2
Let l(w) = w**2 + 4*w + 16. What is the remainder when 255 is divided by l(0)?
15
Calculate the remainder when 853 is divided by -2 - (-1 + 4/((-8)/134)).
61
Let t(j) = -147*j - 234. What is the remainder when 166 is divided by t(-2)?
46
Let s = -7 + 42. Suppose -s = -4*d - 5*g + 2*g, -4*d + 53 = -3*g. Calculate the remainder when d is divided by 4.
3
Let s = -1124 - -1274. What is the remainder when 573 is divided by s?
123
Let j = 17 + -22. Let f be 9 + j + (2 - 1). Suppose -3*c + 58 = -f. What is the remainder when c is divided by 8?
5
Let l(g) = -14*g + 1. Let p be l(-6). Suppose -r + 6*r = p. What is the remainder when 33 is divided by r?
16
Let h = -2 - -2. Suppose h*y - 4*y - 4 = 0, y = -f + 6. Suppose -31*s = -26*s - 65. Calculate the remainder when s is divided by f.
6
Suppose 3*s + s - 16 = 0. What is the remainder when 301 is divided by s?
1
Let n(s) = s - 9. Let a be n(8). Let r = 4 - a. Suppose 0 = -2*w + 4*w + 2*c - 6, -2*w + 13 = -r*c. Calculate the remainder when 11 is divided by w.
3
Let a(j) = -j**2 + 9*j + 24. Let c be a(11). Suppose -2*t = c*t - 64. Calculate the remainder when 46 is divided by t.
14
Suppose 9 - 9 = -2*g. Suppose g = 2*s, 0 = -2*q - q - 5*s + 111. Calculate the remainder when 109 is divided by q.
35
Let n(w) = w**2 - 2*w - 8. Let q be n(-7). Let u = q - 36. Let l = 62 + -54. Calculate the remainder when u is divided by l.
3
Calculate the remainder when 29 is divided by 63 + -62 + ((-2)/(-1) - -2).
4
Suppose 2*w - 11 - 7 = 0. Let x = w - 10. Let y(r) = -14*r + 1. What is the remainder when 57 is divided by y(x)?
12
Let g(s) = -26*s - 117. Calculate the remainder when g(-8) is divided by (-201)/(-9) + (-2)/(-3).
22
Let r = 24 + -22. Suppose 0 = 5*p + r*d + 2*d - 655, -5*p + 655 = 5*d. What is the remainder when p is divided by 27?
23
Suppose 2*i = -6 + 20. Suppose -f - 19 = -3*u + 17, -3*u + 45 = -4*f. Suppose -h + 3*g = i, 2 = 5*h - 3*g - u. Calculate the remainder when 9 is divided by h.
4
Calculate the remainder when 696 is divided by -36*((-1)/3)/((-12)/(-54)).
48
Suppose 0 = o + 3*o - 20. What is the remainder when 5 - (-5 - 1) - (1 + 3) is divided by o?
2
Let h(o) = -9*o - 37. Let t be h(-5). Suppose -t*f = -14*f + 108. Calculate the remainder when 34 is divided by f.
16
Let d(f) = -f**3 + 5*f**2 - 2*f + 2. Let c(q) = 27*q + 4. Let a be c(2). Suppose 0 = -3*z - 10 + a. Calculate the remainder when z is divided by d(4).
6
Let k(r) = -2*r - 1. Let a be k(-3). Let i(j) = -j + 12. What is the remainder when i(5) is divided by 12/a + 4/(-10)?
1
Let c(p) = -4*p**2 + 2 + 17*p**3 - p**3 + 6*p**2 - p**2 - 2*p. Let t be c(2). Let n = t + -78. Calculate the remainder when n is divided by 11.
8
Let q = -304 + 523. Calculate the remainder when q is divided by 17.
15
Let c(x) = 90*x - 2. Let p be c(2). Suppose -46 = 2*b - p. What is the remainder when b is divided by 34?
32
Let c = -196 - -262. Calculate the remainder when 196 is divided by c.
64
Suppose 2*q - 20 = -0*n + 5*n, -12 = -4*q + 3*n. Suppose -3*s + 114 = -3*y, q = y - 5*y - 12. Let k = s - 23. What is the remainder when 23 is divided by k?
11
Suppose -4*m + 2*j + 1278 = 0, 0 = -26*m + 25*m - 4*j + 306. Calculate the remainder when m is divided by 35.
3
Suppose -o - 46 + 711 = 4*w, -4*o = -5*w - 2744. What is the remainder when o is divided by 36?
33
Suppose 1310 = 5*r - 3*g, 16*g = -5*r + 21*g + 1300. Calculate the remainder when r is divided by 14.
13
Calculate the remainder when 138 is divided by (154/(-88))/((-2)/16*1).
12
What is the remainder when 160 is divided by (-1*24/(-10))/((-3)/(-30))?
16
Let h(x) = -x + 6. Let c be h(2). Suppose y - 10 = -2*o + 30, o = -c*y + 34. Calculate the remainder when 41 is divided by o.
5
Let n be (9 - -2)/(2 + -3). Let c = n - -18. Calculate the remainder when 14 + -2 + -1 + 0 is divided by c.
4
Suppose -144 - 80 = -4*v. Let n = -34 + 49. Calculate the remainder when v is divided by n.
11
Suppose -2*k = -3*w + 127, 0 = 5*w - 9*w - 3*k + 141. Let t = -8 - -22. What is the remainder when w is divided by t?
11
Let d = 109 + -96. Suppose d*k = -6*k + 1064. Calculate the remainder when k is divided by 4.
0
Suppose 3*p + 5*u = 32, 5*p - 4 = -4*u + 8*u. Suppose -330 = -4*b - 2*t, 3*b - 3*t = -p*t + 248. What is the remainder when b is divided by 44?
39
Suppose -4*h + 17 = -27. Let m(a) = a**3 - 11*a**2 + 4*a - 9. Let s(b) = b**2 - 6*b - 21. What is the remainder when m(h) is divided by s(9)?
5
Let d = 1711 - 1373. Calculate the remainder when d is divided by 112.
2
Suppose 0 = -0*i - 4*i + 72. Suppose i = -l + 3*l. Let x = -189 + 215. What is the remainder when x is divided by l?
8
Let p be ((-2)/(-6))/((-2)/6). Suppose 0*x + 12 = -3*x. Calculate the remainder when 47 is divided by -24*(p - 2/x).
11
Suppose 31*j = 36*j - 380. Calculate the remainder when 289 is divided by j.
61
Let h = -49 - -75. Suppose -x + 4*a - 2 = -61, 371 = 5*x - a. Calculate the remainder when x is divided by h.
23
Suppose -5*o + 6 = 1. Let w = 12 - 5. Calculate the remainder when w is divided by 3/o + -2 + 1.
1
What is the remainder when 1000/(-30)*15/(-4) is divided by 33?
26
Let l = -2 - -5. Suppose s = 3*y + 3*s - 13, -5*y + l*s - 10 = 0. What is the remainder when (y - 4) + 44/2 is divided by 11?
8
Suppose 50 = 8*u - 22. What is the remainder when 122 is divided by u?
5
Let d = -6 - -118. Suppose -2*m + 26 = -d. Suppose 14 = 5*c - 31. What is the remainder when m is divided by c?
6
Calculate the remainder when 5/(-2)*15620/(-275) is divided by 73.
69
Let a be -3*1/6*-12. Calculate the remainder when (2/(-3))/(a/(-315)) is divided by 10.
5
Let i(o) = o**2 - 24*o + 82. What is the remainder when 5 is divided by i(20)?
1
Let t(g) = g**3 + 12*g**2 - 3*g - 24. Let j be t(-12). What is the remainder when 11 is divided by (15/(-12))/((-3)/j)?
1
Calculate the remainder when 532 is divided by 27/99 + 1960/154.
12
Suppose 0 = -6*r + 2*r. Suppose r = z - 7 - 5. Suppose 0 = 15*p - z*p - 96. Calculate the remainder when 159 is divided by p.
31
Let z be (-2065)/(-13) + 2 + 38/247. Suppose -4*s = -6*l + l - z, 112 = 3*s + 5*l. Calculate the remainder when s is divided by 10.
9
Let m(b) = 52*b - 148. What is the remainder when m(10) is divided by 94?
90
Let h = 85 - 50. Let p(j) = -j + 5. What is the remainder when h is divided by p(-4)?
8
Suppose -2*r = 5*o - 133, 2*r - 4*o + 0*o - 88 = 0. What is the remainder when 646 is divided by r?
52
Suppose 3 = 3*w - 3. Let z = 135 + -107. What is the remainder when w/((-102)/106 + 1) is divided by z?
25
Let k(j) = -126*j - 146. What is the remainder when 397 is divided by k(-2)?
79
Calculate the remainder when (-4 + (-3504)/60)/((-6)/20) is divided by 27.
19
Let g = 107 - 68. Let m(r) = 8*r - 113. Calculate the remainder when m(33) is divided by g.
34
Let d(u) = 3*u + 76. Calculate the remainder when d(-16) is divided by 15.
13
Let m(o) = o**3 + 6*o**2 + 4*o - 3. Let g be m(-5). Suppose -4*z - 5*f + 822 = 0, 4*z - g*f - f = 838. Calculate the remainder when z is divided by 35.
33
Suppose 902 = 2*m + 4*x - x, 4*x + 1784 = 4*m. What is the remainder when m is divided by 113?
109
Let m = 524 + -450. Calculate the remainder when m is divided by 34.
6
What is the remainder when 1*57 + (0 - -11 - 7) is divided by 16?
13
Suppose 17 = 3*m + 125. Let k = -6 - m. Calculate the remainder when k is divided by 7.
2
Suppose -3*p + 31 = -8*n + 4*n, 0 = -3*p - 2*n + 7. Let h(g) = -6*g + 54. Calculate the remainder when h(p) is divided by 5.
4
Let t(g) = -g**3 - 9*g**2 + 15*g - 8. Calculate the remainder when t(-11) is divided by 2/3*7/(21/108).
21
Suppose -4*i + 4*b = -60, -i + 3*b - b = -14. Suppose -5*x + 181 - 36 = 0. What is the remainder when x is divided by i?
13
Let j(f) = f**3 - 22*f**2 - 21*f - 40. Calculate the remainder when j(23) is divided by (-86)/(-18) - (-4)/18.
1
Suppose 2*l + h = 48, 7*l - 2*l = -4*h + 126. What is the remainder when l is divided by (-8)/12 + 20/3?
4
Let g = 225 + 195. What is the remainder when g is divided by 136?
12
Let i be (-10 + 9)/((-12)/10 - -1). Let j(f) = -f + 13. Calculate the remainder when 39 is divided by j(i).
7
Let n be 8/(-14)*70/(-20). Suppose -n*a = 3*a - 325. Calculate the remainder when a is divided by